2 + 3*x - 5. Calculate the remainder when g(7) is divided by 17.
14
Let y(v) = v**2 - 5*v + 5. What is the remainder when y(7) is divided by 5?
4
Let j(d) = -d**2 - 7*d - 7. Let k be j(-5). Suppose t = k*t - 8. Let y(c) = 2*c**3 - c**2 - c + 1. What is the remainder when y(2) is divided by t?
3
Let d(o) = o + 9. Let v be d(-7). Let w = v + 12. Calculate the remainder when w is divided by 5.
4
Let n be 1 + (-1 - (0 - 2)). Let p(z) = -2*z + 3 + 3*z**2 - 1 + 9*z**2. What is the remainder when p(n) is divided by 16?
14
What is the remainder when 158*((-3)/(-2))/3 is divided by 10?
9
Let x = -12 - -19. Let m be (6/4)/((-2)/(-4)). Suppose z - m*d = -6 - 0, -d + 18 = 5*z. What is the remainder when x is divided by z?
1
Suppose 0 = 3*u - 51 - 60. Let n(b) = -b**2 - 15*b + 13. Calculate the remainder when u is divided by n(-15).
11
Calculate the remainder when -7 + 11 - (-50)/2 is divided by 16.
13
Suppose -4*t + 3 = 4*v - 9, -t = -4*v + 7. Suppose p = -3*c + 29, -3*p + v*c - 3*c = -63. Calculate the remainder when p is divided by 11.
9
Suppose 0 = 3*y + 5*d - 5, 0 = 2*y - 2*d + 3*d - 8. Calculate the remainder when 13 is divided by y.
3
Let g = -1 - -1. Suppose -88 = -g*q - 2*q. Let a = q + -22. Calculate the remainder when a is divided by 8.
6
Let a(x) = 3*x**2 + 2*x - 1. Let i be a(1). Suppose -i*r = r - 60. What is the remainder when r is divided by 5?
2
Let n(h) be the second derivative of -7*h**3/6 - h**2 - 3*h. Calculate the remainder when n(-3) is divided by 7.
5
Let o = -4 - -14. Calculate the remainder when 18 is divided by o.
8
Calculate the remainder when 66 is divided by (-27)/(-2) + (-2)/(-4).
10
Suppose -4*y + 2*q + 52 = 0, 3*q - 6 = -2*y + 12. What is the remainder when -1 + -2 - 2*(-148)/8 is divided by y?
10
Calculate the remainder when 44 is divided by ((-3)/5)/((-4)/60).
8
Suppose 24*h - 20 = 20*h. What is the remainder when 23 is divided by h?
3
Let u(j) = -2*j - 9. Let x(c) = 6*c. Let a be x(-1). What is the remainder when u(a) is divided by 2?
1
Calculate the remainder when 35 is divided by (2 - 4)/2*-12.
11
Let v = -15 - -23. Calculate the remainder when v is divided by 3.
2
Suppose 4*d + 40 = 2*x + 3*x, 1 = 4*x + 3*d. Let r be (-2*1 + 2)/1. Let h = x + r. Calculate the remainder when 15 is divided by h.
3
Suppose -l - 3*a + 4*a = 1, -4*l + 5*a = 7. Suppose -2*k = 2*z - 28, 3*z - 5*k - 8 - 2 = 0. Calculate the remainder when (0/(-1) - -17) + l is divided by z.
9
Suppose 3*u + 5 = -2*u. Let b be 148/(-4)*u/1. Suppose 0 = a, 4*k - 4*a + b = 129. Calculate the remainder when k is divided by 8.
7
Let t = 12 - -1. Let j(b) be the first derivative of -b**4/4 + b**3/3 + 8*b + 5. What is the remainder when t is divided by j(0)?
5
Suppose -5*v = 3*f - 12, 2*f + 1 = 3*v + 9. Suppose v = -3*z - 2*q + 80, -z - 21 + 76 = -5*q. Calculate the remainder when z is divided by 8.
6
Suppose 3*i = -5*o + 138, 0 = 2*i + 3*o - 48 - 45. Let j(l) = -13*l. Let g be 12/(-9) + 4/(-6). Calculate the remainder when i is divided by j(g).
25
Let r(n) = 88*n + 1. Let z be r(1). Suppose -h - z = -4*o, 0*h = o - 2*h - 31. Let d = -14 + o. Calculate the remainder when 20 is divided by d.
6
Let y = -30 + 16. Calculate the remainder when ((-36)/y)/((-6)/(-42)) is divided by 11.
7
What is the remainder when 381/12 - 1/(-4) is divided by 12?
8
Suppose -2*d = 4*x - 9*x - 12, -d = 4*x - 32. What is the remainder when 61 is divided by d?
13
Suppose 56 + 15 = 2*b - 5*z, -127 = -4*b + 5*z. What is the remainder when 33*(13/3 + -1) is divided by b?
26
Let b(k) = 30*k**2 - 1. Calculate the remainder when b(1) is divided by 8.
5
Let c(v) = 2*v**2 - v + 14. What is the remainder when c(5) is divided by 15?
14
Suppose 50 = 4*w - 2*j, -2*j + 6*j = -3*w + 10. Calculate the remainder when 468/w + 3/15 is divided by 12.
11
Suppose -4*n + 2 = -3*r + 1, 4*r - 8 = 3*n. Suppose 10 = -5*w, -n*d + 12 = -3*w + w. What is the remainder when 3 is divided by d?
1
Calculate the remainder when 36 is divided by 2/(8/(-156)*-3).
10
Let a(y) = 4*y**2 + 5*y. Calculate the remainder when a(-3) is divided by 9.
3
Suppose -144 = 24*c - 28*c. Calculate the remainder when c is divided by 13.
10
Let i = 60 - 57. Suppose -5*g + 25 = -0*g. What is the remainder when g is divided by i?
2
Suppose 0*j - j = -97. Calculate the remainder when j is divided by 33.
31
Let p = -65 - -84. What is the remainder when p is divided by 10?
9
Suppose 18*w + 82 = 20*w. Calculate the remainder when 161 is divided by w.
38
Suppose 0 = -3*p - 2*y + 20, -p - 2*p - y = -16. What is the remainder when 7 is divided by p?
3
Let c(o) be the second derivative of o**5/60 + o**2 - o. Let i(k) be the first derivative of c(k). What is the remainder when 11 is divided by i(2)?
3
Suppose 3*b = -3*f - 57, b - 91 = 6*b + f. Let g = -13 - b. Calculate the remainder when g is divided by 4.
1
Suppose -9 = 4*h + 5*k, 0*h - 5*k = -5*h. Let d(y) be the third derivative of -7*y**4/12 - y**3/6 - y**2. What is the remainder when d(h) is divided by 5?
3
What is the remainder when 78 is divided by (-75)/(-50) - 74/(-4)?
18
Suppose 2*o - 1 = 5, -2*m - 4*o + 8 = 0. Let c = 2 - m. Suppose -82 = -c*l - 6. Calculate the remainder when l is divided by 7.
5
Let y(s) = 2*s**3 + 27*s**2 - 16*s - 7. Calculate the remainder when y(-14) is divided by 8.
5
What is the remainder when 47 is divided by (-510)/(-45) + (-4)/(-6)?
11
Let v = -9 + 16. What is the remainder when 19 is divided by v?
5
Let f(c) = -c + 3*c + 3*c**2 - c - 2 - c**2. Let s be f(-2). Suppose 2*u + 42 = s*u. What is the remainder when 62 is divided by u?
20
Let z(y) = -y**3 + 11*y**2 + 3*y - 11. What is the remainder when 151 is divided by z(11)?
19
Let c be (-1)/(3 + 80/(-26)). Let o = -5 + c. What is the remainder when 14 is divided by o?
6
What is the remainder when 63 is divided by (77/21)/(1/6)?
19
Suppose -21 = -3*f + 27. What is the remainder when 93 is divided by f?
13
Let q(m) = -m**2 + 15*m + 6. Let x = -34 - -91. What is the remainder when x is divided by q(14)?
17
Let g(o) be the second derivative of o**3/2 + o**2/2 - 3*o. Let r(s) = s - 1. What is the remainder when g(3) is divided by r(5)?
2
Let n = -23 + 49. Calculate the remainder when n is divided by 14.
12
Let t = 23 - 12. Calculate the remainder when t is divided by (9 - 7)*(0 - -2).
3
Suppose -3*l = 2*n - 14, -5*n - 18 - 22 = -5*l. Let s = 181 - 159. What is the remainder when s is divided by l?
4
Let k = -1 + 15. Calculate the remainder when (-2)/(-13) - (-1344)/52 is divided by k.
12
Let l(g) = -g - 7. Let r be l(-7). Suppose r*u + 100 = 4*u. What is the remainder when u is divided by (2/(-4) - -2)*6?
7
Let d(m) be the first derivative of -m**3 + 1/4*m**4 - 3*m - 1/2*m**2 - 3. Calculate the remainder when 26 is divided by d(4).
8
Let n(l) = -8*l + 19. What is the remainder when n(-6) is divided by 14?
11
Let f be ((-6)/4)/((-18)/24). Let l = f - -8. Calculate the remainder when 28 is divided by l.
8
Let c = 25 - 19. Calculate the remainder when 17 is divided by c.
5
Let s(u) = -12 - u**3 + u + 5 + 11. What is the remainder when s(0) is divided by 3?
1
Suppose 2*v + 8 = 42. What is the remainder when 99 is divided by v?
14
Let m(x) = x - 12. Let r be m(12). Suppose -5*b + 202 - 32 = r. Suppose 0 = 5*l - 6 - b. Calculate the remainder when 30 is divided by l.
6
Let h(b) = 2*b - 2. Calculate the remainder when 7*3 - (-5 - -3) is divided by h(5).
7
Let p be 3/(-15) + (-26)/(-5). Suppose p = g - 0. Suppose 2*l + h = 3, 4*l - 3 = 5*h + 10. Calculate the remainder when g is divided by l.
1
Suppose q = 4*q - 24. What is the remainder when 5*2*(-3)/(-2) is divided by q?
7
Calculate the remainder when 81 is divided by 10/15*(-189)/(-6).
18
Let t = -21 + 130. Calculate the remainder when t is divided by 28.
25
Suppose 9*v - 40 - 23 = 0. Calculate the remainder when v is divided by 5.
2
Suppose -15 + 10 = -f. Suppose -7 = 4*k + 3*c - 0, -5*c - 21 = 2*k. What is the remainder when f is divided by k?
1
Let s = 39 - -55. Suppose -t = 5*i - s + 22, 0 = -4*i + 2*t + 66. What is the remainder when 43 is divided by i?
13
Let i = -46 - -112. Suppose -h + 4*g - 4 = 2*h, 5*h = 5*g. Suppose 3*v + 3*o - 44 = h, -4*o = -3*v + 55. What is the remainder when i is divided by v?
15
Let j = 4 - -1. Suppose 6 + 4 = -j*n. Calculate the remainder when